se 0 = 5*j - 4*d - 2, 0 = -3*d + 9 - 3. Let z be g(j). Let q(t) = 19*t**2 + z*t**2 + 4*t - 31*t**2 + 3. Give q(-2).
11
Let h(y) be the second derivative of y**4/4 - 17*y**3/6 - 7*y**2/2 + 870*y. Give h(6).
-1
Let r(l) = -7*l - 127. Let c(k) = -6*k + 15. Let h(v) = 3*c(v) + r(v). Calculate h(-5).
43
Let v(h) = -h**2 + 7*h - 4. Let u(l) = l**2 - 8*l + 4. Let t(b) = 6*u(b) + 7*v(b). Let x(i) = 4*i**2 + 10*i + 39. Let d(m) = -5*t(m) - x(m). What is d(16)?
-3
Suppose -218 - 10 = 76*n. Let j(m) be the third derivative of 1/30*m**5 + 0*m - 1/6*m**3 + 1/24*m**4 + 0 - m**2. Calculate j(n).
14
Let z(u) = -u**3 - 8*u**2 + 3*u + 2. Let l(k) = k**3 + 12*k**2 - 34*k - 56. Let n be l(-14). Let f be (-2*21/n)/(6/32). Give z(f).
-22
Let o(m) = -23071*m + 2*m**2 + 23076*m - 3*m**2. Determine o(-4).
-36
Let m(g) = 21*g**3 + 52*g**2 - 27*g + 64. Let k(r) = 5*r**3 + 6*r**2 - 1. Let j(t) = 4*k(t) - m(t). Calculate j(-29).
-10
Let u = 3986 + -3991. Let m(v) = 2*v**2 + 25*v + 70. What is m(u)?
-5
Suppose 1897*q = 1936*q - 39. Let l(c) = -c**3 - 2*c**2 + 10*c - 8. Calculate l(q).
-1
Let k(o) = 0 + 7 - 2*o + o + 4 + 7. Give k(0).
18
Let q(o) = o**2 + 3. Let z(p) = -p**2 - 7*p + 42. Let i be z(4). Give q(i).
7
Let o(r) = -r**3 - 1. Let y(n) = -5*n**3 - 4*n**2 - 7*n - 1. Let v(k) = 6*o(k) - y(k). Suppose 0 = 5*g - 30*c + 29*c - 36, -5*c = g + 24. What is v(g)?
-35
Let g = -1262 - -1262. Let p(r) = r**3 - 2*r**2 + r - 24. Calculate p(g).
-24
Suppose 10*o = 13*o - 24. Suppose -11*k + 6 = -o*k. Let r(p) = -p**3 - 85*p**2 + 6 + 42*p**k + 44*p**2. What is r(0)?
6
Let b(v) be the first derivative of v**3/3 + 4*v**2 + 14*v - 9. Let i be b(-6). Suppose -4*g = -2*n - 32, -4*n - 2*g - i*g = 4. Let l(a) = 2*a. What is l(n)?
-12
Let d(p) be the second derivative of p**5/20 - p**4/4 - p**3/6 + p**2 + 2*p + 240. What is d(4)?
14
Let o = 11 + -62. Let g = o + 52. Let b(t) = -6*t - 2 + 11*t - g - 3*t. Calculate b(-4).
-11
Let o(q) = q**3 - 20*q**2 - 26*q - 16. Let m(i) = -i**3 + 20*i**2 + 25*i + 16. Let p(a) = -6*m(a) - 5*o(a). Let z be (-6)/75 + 38998/1850. Calculate p(z).
5
Let z(w) = 3*w**2 - 83 + 72 - 53*w + 69*w + 0*w**2. Determine z(-6).
1
Let o(a) be the third derivative of 5*a**4/24 + 5*a**3/6 - 1579*a**2. Give o(3).
20
Suppose -k = -3*l - 5, l + l = 5*k - 25. Let a be (6/k)/(12/150). Let t be 0/(3/a - (-22)/(-10)). Let d(g) = g**3 + g**2 + g - 13. Calculate d(t).
-13
Suppose -16*b - 21*b + 22*b = -240. Let u(x) = 4*x - 68. Give u(b).
-4
Let k(c) = c**2 + 6*c + 20. Let l be k(-7). Suppose 11*i + l - 71 = 0. Suppose 30 = 13*a + i. Let x(z) = z**3 - 2*z - 1. Determine x(a).
3
Let m be 2/(34/9 + -4). Let g = 17 + m. Let w(s) = -5*s**2 + 2*s**2 - 6*s + 8*s + 2*s**2 + g. Calculate w(6).
-16
Let t be 110/(-3) - 10/(-15). Let h be t/(-6) + 14*2/(-4). Let g(q) = 14*q + 3. Determine g(h).
-11
Let r(m) = 24*m + 18. Suppose 5*i - 396 = 4*b - 417, -3*b = 4*i + 23. Give r(b).
-6
Let p(h) be the third derivative of -11*h**5/120 - h**4/12 + 8*h**3 - 57*h**2. Let v(o) be the first derivative of p(o). Give v(-1).
9
Let m = -26806 + 26810. Let k(z) = 48*z - 5. What is k(m)?
187
Let z(d) = -d**2 + 4*d + 117. Suppose -o - 5*b + 8 = 0, 318*o - 320*o + 21 = 5*b. What is z(o)?
0
Let f(j) = -7*j**2 - 38*j - 25. Let l(k) = 27*k**2 + 153*k + 97. Let x(z) = 15*f(z) + 4*l(z). Calculate x(-14).
13
Let c(j) = 87 + 76 + 80 + 4*j - 219. What is c(-8)?
-8
Let a be 18/(-14) - 520/728. Suppose -f + n + 3 = 0, -2*n - 3 = 5*f - n. Let v(j) = f - 5*j - 2 + j. What is v(a)?
6
Let n(y) be the second derivative of -y**4/6 - 43*y**2/2 + 6321*y. Give n(0).
-43
Let a = -8 - -8. Let v(r) = -2*r**3 - 3*r**2 + 2*r + 4. Let u be v(-2). Let g(d) = u - d - 6 - 18*d**2 + 17*d**2. Determine g(a).
-2
Let o(u) = 9*u**2 - 14*u + 12. Let g(k) = 50*k**2 - 68*k + 59. Let t(x) = -2*g(x) + 11*o(x). Calculate t(-13).
79
Let n(t) be the second derivative of t**7/840 - t**6/90 - t**5/120 - t**4/24 + 25*t**3 - 4*t + 19. Let l(y) be the second derivative of n(y). Calculate l(3).
-13
Let u(p) = p**2 - 2*p - 41. Suppose 0 = 134*r + 873 - 203. Calculate u(r).
-6
Let l be 54/24*(-8)/12*-10. Suppose -g = -4*g + l. Let s(z) = z**2 - 5*z + 2. Determine s(g).
2
Let x(w) = w**3 + 3*w**2 + 4. Let g be -1*2*(2 + 63/(-14)). Suppose -g*o = -2*q - 21, 5*q - o = 5 - 23. Determine x(q).
4
Let j(q) = -25*q**2 - q. Let b(t) = t**2 - 15*t - 242. Let o be b(30). Let u be (3/12)/(13/o) + -3. Calculate j(u).
-26
Let w(k) be the third derivative of -k**5/60 - k**4/6 + k**3 - 2*k**2. Let o(j) = -j**3 + 12*j**2 + 15*j - 31. Let t be o(13). What is w(t)?
1
Let l(i) = 11*i**2 + 5*i + 1. Let m be l(-1). Let d(a) = a**3 - 9*a**2 + 16*a - 12. Give d(m).
2
Let a = -518 + 518. Let u(b) = b**2 + 5*b - 8. Let d(w) = 3*w**2 + 17*w - 23. Let g(t) = -2*d(t) + 7*u(t). Calculate g(a).
-10
Suppose -18*l + t = -20*l - 6, -2*l + 3*t = -10. Let z(x) = x**2 - 7*x + 6. Let w be z(6). Let d(g) = -10*g**3 + w - 4*g**3 - 1 - 2*g - 2*g**2. What is d(l)?
13
Let f = -15 + 15. Let s be f - 10 - (-2 + -2). Let u be 12/4*(s/(-9))/2. Let r(m) = -4*m**3 + m**2 - m + 1. Determine r(u).
-3
Let z(x) be the second derivative of x**4/12 + 13*x**3/6 - 15*x**2/2 + 64*x + 1. Calculate z(-15).
15
Suppose 0 = -19*q - 148 - 4. Let h(p) = -p**2 - 8*p - 2. Calculate h(q).
-2
Let z be (-6)/((-4)/(1 + 1)). Let c be ((-132)/15)/(10/(-75)). Let s(g) = -135 - g**2 + 2*g + c + 66. Calculate s(z).
-6
Suppose 89*b = 82*b + 7. Suppose 4*z = 4, s + s + 3*z - b = 0. Let x(q) = -3 + 2 - 23*q**2 - q + 24*q**2. Determine x(s).
1
Suppose -3*r + 10*r = 16*r. Let m(l) be the third derivative of -1/12*l**4 + r*l + 5/6*l**3 + 0 + 6*l**2. What is m(6)?
-7
Let t(v) = -14*v**3 - 5*v**2 + 3*v + 2. Let l(c) = 65*c**3 + 23*c**2 - 15*c - 7. Let a(m) = 3*l(m) + 14*t(m). Determine a(-4).
67
Let m(a) be the first derivative of a**5/20 + a**4/6 - 5*a**3/6 - 3*a**2/2 - 20*a - 77. Let n(v) be the first derivative of m(v). What is n(-3)?
3
Let y(c) = -6. Let g(u) = -14*u - 17. Let p(r) = -g(r) + 3*y(r). Determine p(2).
27
Let c(l) = l - 20. Suppose -61*s + 67*s = 108. Suppose -8*o + s*o - 170 = 0. Give c(o).
-3
Let h(g) = -51*g - 11. Let m(b) be the third derivative of 17*b**4/12 + 7*b**3/6 - 3*b**2 - 31*b. Let f(q) = -5*h(q) - 8*m(q). Determine f(1).
-18
Let z(s) be the first derivative of s**4/12 - 5*s**3/3 + 133*s**2/2 - 41. Let c(v) be the second derivative of z(v). Determine c(4).
-2
Let u = -33 - -35. Let v(g) = -2*g + g - u*g - 2*g + 5. Determine v(2).
-5
Suppose 14245*g = 14274*g - 29. Let m(h) = 39*h**3 + 3*h - 3. Calculate m(g).
39
Let s(j) be the second derivative of 7*j**4/6 - j**3/3 - j**2/2 - 1458*j. Give s(1).
11
Let b(u) = 2*u**2 + 9*u - 22. Let a(q) = -10 + 0*q**2 + 26*q - 22*q + q**2. Let f(l) = 13*a(l) - 6*b(l). What is f(3)?
5
Let d(i) = -71*i + 17. Let n be d(4). Let s = -275 - n. Let h(c) = c**3 + 8*c**2 + c + 4. Calculate h(s).
-4
Let o be 1 - 0 - (-28)/14. Suppose -2*z = 3*c - 4, c - 4*z = o*c. Let s(b) = 4 + 4*b**2 - b**2 + 0*b**c - 4*b**2 + b. What is s(0)?
4
Let q(n) = n**2 + 14*n + 31. Suppose -2*v - 24 = -2*w, -4*v - 2 - 44 = -2*w. What is q(v)?
-2
Let w(x) = -8 - 11*x + x**2 + 7 - 2*x**2 + 4. Suppose -q + 3*q = m + 6, -4*m - q - 51 = 0. Give w(m).
-9
Let k = 19 - 19. Let v = 1 + k. Let p(r) = -r**3 + 3*r**2 + 3*r - 4. Let g(b) = b. Let l(z) = v*p(z) - g(z). Determine l(4).
-12
Let w = -3719 + 3714. Let o(n) = n**2 + 10*n + 19. Give o(w).
-6
Let l = 14939 + -14942. Let b(c) = 2*c**3 - 2*c**2 - 5*c - 2. Calculate b(l).
-59
Let m(d) be the third derivative of d**5/60 - 7*d**4/8 + d**3/6 - 2*d**2 - 12. Let u be m(0). Let i(o) = -8*o**3 + o**2 - 2*o + 2. Determine i(u).
-7
Let t(j) = -41869 - j**3 + 2*j**3 - 2*j**3 - 14*j**2 + 41889 + 16*j. Give t(-15).
5
Let v be 17 - -9 - (-3)/((-3)/(-4)). Let c(z) = z**2 - 28*z - 55. Let p be c(v). Let s(y) = y**3 - 5*y**2 - 2*y - 3. Give s(p).
-13
Suppose 0 = -f - 2*j - 11, 2*j = -2*f - j - 20. Let z(q) = 5*q**3 + 9*q - 7. Let n(r) = 4*r**3 + 2*r**2 + 8*r - 7. Let d(o) = 4*n(o) - 3*z(o). Calculate d(f).
7
Let q(r) be the third derivative of r**4/6 - 14*r**3/3 + 865*r**2. Calculate q(0).
-28
Let c(d) = 5*d**3 - 6*d**2 - 22*d + 9. Let q(z) = -6*z**3 + 6*z**2 + 26*z - 10. Let v(m) = -7*c(m) - 6*q(m). Let n be ((-12)/10)/(3/15). Give v(n).
9
Let z(m) = -2*m + 20. Let a be z(7). L